{"id":12412,"date":"2024-09-06T11:58:26","date_gmt":"2024-09-06T09:58:26","guid":{"rendered":"https:\/\/cuidador1.es\/dya\/?page_id=12412"},"modified":"2025-07-04T12:13:00","modified_gmt":"2025-07-04T10:13:00","slug":"rescate-y-ayuda","status":"publish","type":"page","link":"https:\/\/cuidador1.es\/dya\/rescate-y-ayuda\/","title":{"rendered":"Rescate y Ayuda"},"content":{"rendered":"<div class=\"wpb-content-wrapper\"><p>[vc_row full_width=&#8221;stretch_row&#8221; css=&#8221;.vc_custom_1725619794821{padding-top: 15px !important;padding-bottom: 0px !important;background-color: #feef00 !important;}&#8221;][vc_column][vc_custom_heading text=&#8221;Actuamos de forma inmediata en situaciones inesperadas,<br \/>\nadem\u00e1s de disponer de una formaci\u00f3n, preparaci\u00f3n y coordinaci\u00f3n<br \/>\nde todo el voluntariado que act\u00faa.&#8221; font_container=&#8221;tag:h1|font_size:30|text_align:center|color:%23606060&#8243; use_theme_fonts=&#8221;yes&#8221; css=&#8221;.vc_custom_1725619874043{margin-top: 0px !important;}&#8221;][\/vc_column][\/vc_row][vc_row full_width=&#8221;stretch_row_content&#8221; kd_image_overlay_color=&#8221;#ffffff&#8221; kd_image_overlay=&#8221;true&#8221;][vc_column][vc_empty_space][\/vc_column][\/vc_row][vc_row full_width=&#8221;stretch_row&#8221; gap=&#8221;5&#8243; css=&#8221;.vc_custom_1725619424997{margin-top: 0px !important;background-color: #ffffff !important;}&#8221;][vc_column width=&#8221;1\/4&#8243; css=&#8221;.vc_custom_1725530376295{padding-right: 0px !important;padding-left: 0px !important;background-color: #ffffff !important;border-color: #ffffff !important;}&#8221;]<div class=\"key-icon-box icon-default icon-top cont-left ib-hover-1\" style=\"background-color: transparent;\" ><div class=\"ib-wrapper\"><i class=\"fas fa-hourglass-half\" style=\" color: #feef00;\"><\/i> <h5 class=\"service-heading\" >Respuesta inmediata<\/h5><p style=\"color: #606060;\">Activamos nuestros dispositivos y equipos en situaciones de urgencia donde la vida de las personas est\u00e1 en riesgo, como b\u00fasqueda de desaparecidos, desalojos por derrumbe o incendio &#8230;<\/p><\/div><\/div>[\/vc_column][vc_column width=&#8221;1\/4&#8243;]<div class=\"key-icon-box icon-default icon-top cont-left ib-hover-1\" style=\"background-color: transparent;;\" ><div class=\"ib-wrapper\"><i class=\"iconsmind-Consulting iconsmind-Seo-Icons\" style=\" color: #feef00;\"><\/i> <h5 class=\"service-heading\" >112<\/h5><p style=\"color: #606060;\">En colaboraci\u00f3n con el Sistema Vasco de Emergencias (SOS Deiak).<\/p><\/div><\/div>[\/vc_column][vc_column width=&#8221;1\/4&#8243;]<div class=\"key-icon-box icon-default icon-top cont-left ib-hover-1\" style=\"background-color: transparent;;\" ><div class=\"ib-wrapper\"><i class=\"fas fa-cogs\" style=\" color: #feef00;\"><\/i> <h5 class=\"service-heading\" >Recursos espec\u00edficos<\/h5><p style=\"color: #606060;\">Veh\u00edculos todoterreno para actuaciones en entornos de dif\u00edcil acceso, hospitales de campa\u00f1a, veh\u00edculos para desalojos, equipos de iluminaci\u00f3n&#8230;<\/p><\/div><\/div>[\/vc_column][vc_column width=&#8221;1\/4&#8243;]<div class=\"key-icon-box icon-default icon-top cont-left ib-hover-1\" style=\"background-color: transparent;;\" ><div class=\"ib-wrapper\"><i class=\"fas fa-cloud-meatball\" style=\" color: #feef00;\"><\/i> <h5 class=\"service-heading\" >Condiciones especiales<\/h5><p style=\"color: #606060;\">Actuaciones en b\u00fasqueda de personas o cuando la situaci\u00f3n del entorno causa importantes perjuicios en la sociedad, como nevadas, inundaciones, incendios, pandemias&#8230;<\/p><\/div><\/div>[\/vc_column][\/vc_row][vc_row][vc_column][vc_empty_space][\/vc_column][\/vc_row][vc_row][vc_column][vc_empty_space][\/vc_column][\/vc_row][vc_row][vc_column width=&#8221;1\/6&#8243;][\/vc_column][vc_column width=&#8221;2\/3&#8243;][vc_gallery interval=&#8221;3&#8243; images=&#8221;12736,12732,12730,12734,12738,12740&#8243; img_size=&#8221;full&#8221; css=&#8221;&#8221;][vc_empty_space height=&#8221;40px&#8221;][\/vc_column][vc_column width=&#8221;1\/6&#8243;][\/vc_column][\/vc_row]<\/p>\n<\/div>","protected":false},"excerpt":{"rendered":"<p>[vc_row full_width=&#8221;stretch_row&#8221; css=&#8221;.vc_custom_1725619794821{padding-top: 15px !important;padding-bottom: 0px !important;background-color: #feef00 !important;}&#8221;][vc_column][vc_custom_heading text=&#8221;Actuamos de forma inmediata en situaciones inesperadas, adem\u00e1s de disponer de [&hellip;]<\/p>\n","protected":false},"author":1,"featured_media":12898,"parent":0,"menu_order":0,"comment_status":"closed","ping_status":"closed","template":"","meta":{"footnotes":""},"class_list":["post-12412","page","type-page","status-publish","has-post-thumbnail","hentry"],"publishpress_future_action":{"enabled":false,"date":"2026-04-27 12:51:36","action":"change-status","newStatus":"draft","terms":[],"taxonomy":"translation_priority","extraData":[]},"publishpress_future_workflow_manual_trigger":{"enabledWorkflows":[]},"_links":{"self":[{"href":"https:\/\/cuidador1.es\/dya\/wp-json\/wp\/v2\/pages\/12412","targetHints":{"allow":["GET"]}}],"collection":[{"href":"https:\/\/cuidador1.es\/dya\/wp-json\/wp\/v2\/pages"}],"about":[{"href":"https:\/\/cuidador1.es\/dya\/wp-json\/wp\/v2\/types\/page"}],"author":[{"embeddable":true,"href":"https:\/\/cuidador1.es\/dya\/wp-json\/wp\/v2\/users\/1"}],"replies":[{"embeddable":true,"href":"https:\/\/cuidador1.es\/dya\/wp-json\/wp\/v2\/comments?post=12412"}],"version-history":[{"count":50,"href":"https:\/\/cuidador1.es\/dya\/wp-json\/wp\/v2\/pages\/12412\/revisions"}],"predecessor-version":[{"id":14203,"href":"https:\/\/cuidador1.es\/dya\/wp-json\/wp\/v2\/pages\/12412\/revisions\/14203"}],"wp:featuredmedia":[{"embeddable":true,"href":"https:\/\/cuidador1.es\/dya\/wp-json\/wp\/v2\/media\/12898"}],"wp:attachment":[{"href":"https:\/\/cuidador1.es\/dya\/wp-json\/wp\/v2\/media?parent=12412"}],"curies":[{"name":"wp","href":"https:\/\/api.w.org\/{rel}","templated":true}]}}