{"id":12595,"date":"2025-06-10T08:05:18","date_gmt":"2025-06-10T06:05:18","guid":{"rendered":"https:\/\/cuidador1.es\/dya\/?page_id=12595"},"modified":"2026-02-26T12:38:27","modified_gmt":"2026-02-26T11:38:27","slug":"aviso-legal","status":"publish","type":"page","link":"https:\/\/cuidador1.es\/dya\/inicio\/aviso-legal\/","title":{"rendered":"Aviso Legal"},"content":{"rendered":"<div class=\"wpb-content-wrapper\"><p>[vc_row][vc_column][vc_column_text css=&#8221;&#8221;]<\/p>\n<h3><strong>Informaci\u00f3n legal<\/strong><\/h3>\n<p>En cumplimiento de la normativa vigente le informamos que el dominio de internet <a href=\"http:\/\/www.DYAgipuzkoa.com\">www.DYAgipuzkoa.com<\/a> (en adelante \u201cel sitio web\u201d), es titularidad de Asociaci\u00f3n de Ayuda en Carretera DYA en Gipuzkoa (en adelante \u201cDYA Gipuzkoa\u201d), con NIF G20039855, sede en Mendigain, 30, 20014 Donostia \/ San Sebasti\u00e1n (Gipuzkoa), tel\u00e9fono 943 46 46 22 y correo electr\u00f3nico <a href=\"mailto:datubabesa@dyagipuzkoa.com\">datubabesa@dyagipuzkoa.com<\/a>, inscrita en el Registro General de Asociaciones del Pa\u00eds Vasco con el n\u00famero 551.<\/p>\n<p>DYA Gipuzkoa tiene por objetos principales de su actividad la atenci\u00f3n sociosanitaria, la prevenci\u00f3n y el rescate, y act\u00faa como \u201cResponsable del Tratamiento\u201d (o en su caso como \u201cEncargado de Tratamiento\u201d) en relaci\u00f3n con los tratamientos de datos personales de las personas que utilizan sus servicios.<\/p>\n<p>No obstante, en aquellos casos en los que DYA Gipuzkoa publique noticias y enlaces a sitios web o redes sociales externas, su funci\u00f3n es meramente informativa y los posibles tratamientos de datos personales que se puedan producir en relaci\u00f3n con los contenidos de noticias y enlaces y su utilizaci\u00f3n por parte de las personas usuarias no son titularidad de DYA Gipuzkoa.<\/p>\n<p>La persona que visita y utiliza este sitio web es usuaria del sitio web (en adelante \u201cla persona usuaria\u201d).<\/p>\n<h3>1. Finalidades<\/h3>\n<p>Las finalidades principales del sitio web son dar a conocer, ofrecer y gestionar los servicios de DYA Gipuzkoa; proporcionar una herramienta de contacto, consulta y comunicaci\u00f3n con las personas interesadas, respondiendo a solicitudes y peticiones; e informar, organizar y difundir las actividades e iniciativas en las que DYA Gipuzkoa participe.<\/p>\n<h3>2. Condiciones Generales<\/h3>\n<p>La persona usuaria accede a este sitio web de forma voluntaria. El acceso a este sitio web tiene car\u00e1cter gratuito. La navegaci\u00f3n en este sitio web implica aceptar y conocer las advertencias legales, condiciones y t\u00e9rminos de uso, pol\u00edtica de privacidad y pol\u00edtica de cookies contenidos en \u00e9l. Si la persona usuaria no est\u00e1 de acuerdo con estas condiciones y no las acepta sin reserva, no podr\u00e1 hacer uso del sitio web.<\/p>\n<p>El acceso al sitio web, as\u00ed como el uso que pueda hacerse de la informaci\u00f3n y utilidades que contiene, son de la exclusiva responsabilidad de la persona usuaria, que se compromete a utilizarlo con respeto a la buena fe, al ordenamiento jur\u00eddico, de manera \u00e9tica y de acuerdo con sus finalidades. La persona usuaria no puede hacer un uso il\u00edcito de la informaci\u00f3n y utilidades contenidas en el sitio web, ni llevar a cabo acciones que puedan da\u00f1ar o alterar su contenido, funcionamiento, los sistemas inform\u00e1ticos del sitio web, de DYA Gipuzkoa o de otras personas usuarias.<\/p>\n<p>Queda prohibida la inclusi\u00f3n y comunicaci\u00f3n de contenidos, por parte de las personas usuarias, que sean falsos o inexactos y que induzcan o puedan inducir a error a DYA Gipuzkoa, las personas usuarias del sitio web o terceros. Queda prohibido el uso de datos personales de terceros sin su consentimiento previo y expreso, as\u00ed como el uso de datos identificativos de terceros con el \u00e1nimo de suplantar su identidad. La persona usuaria ser\u00e1 la \u00fanica responsable de los perjuicios que cause.<\/p>\n<h3>3. Exclusi\u00f3n de garant\u00edas y responsabilidad<\/h3>\n<p>DYA Gipuzkoa realiza los m\u00e1ximos esfuerzos a su alcance para evitar errores en los contenidos y utilidades que se publican en el sitio web, reserv\u00e1ndose la facultad de poder modificarlos en cualquier momento. DYA Gipuzkoa declina expresamente cualquier responsabilidad por error u omisi\u00f3n en los contenidos de este sitio web y de los da\u00f1os y perjuicios que puedan deberse a su falta de veracidad, exactitud o actualizaci\u00f3n.<\/p>\n<p>El sitio web puede ofrecer enlaces a otros sitios web. DYA Gipuzkoa no asume ninguna responsabilidad en relaci\u00f3n con estos sitios enlazados, ya que no tiene control sobre ellos, su contenido, productos y servicios ofrecidos, etc. La finalidad de estos enlaces es informar de otras fuentes de informaci\u00f3n, por lo que la persona usuaria accede bajo su exclusiva responsabilidad al contenido y en las condiciones de uso que rijan en ellas. En el caso de enlaces a redes sociales, titularidad de DYA Gipuzkoa o de terceros, las mismas se regir\u00e1n por sus propias condiciones de uso.<\/p>\n<p>DYA Gipuzkoa no se responsabilizar\u00e1 de ninguna consecuencia, da\u00f1o o perjuicio que pudieran derivarse del uso de este sitio web o de sus contenidos y utilidades, incluidos da\u00f1os inform\u00e1ticos y la introducci\u00f3n de virus o cualquier tipo de software malicioso. DYA Gipuzkoa no garantiza la ausencia de virus ni de otros elementos da\u00f1inos en el sitio web, introducidos por terceras personas, que puedan producir alteraciones en los sistemas f\u00edsicos o l\u00f3gicos de las personas usuarias, pero utiliza los medios a su alcance para que esto no suceda.<\/p>\n<p>DYA Gipuzkoa se reserva el derecho de modificar o borrar en cualquier momento, sin previo aviso o justificaci\u00f3n expresa, el dise\u00f1o, la configuraci\u00f3n y la informaci\u00f3n contenida en este sitio web, si as\u00ed lo estima oportuno y seg\u00fan su criterio. DYA Gipuzkoa no se hace responsable de los perjuicios que estas modificaciones puedan causar. No obstante, utilizar\u00e1 los recursos que tenga a su alcance para informar a las personas usuarias de dichas modificaciones.<\/p>\n<h3>4. Propiedad intelectual<\/h3>\n<p>Los derechos de propiedad intelectual e industrial de este sitio web y de los elementos contenidos, incluyendo con car\u00e1cter meramente enunciativo sus p\u00e1ginas, secciones, estructura, apariencia, dise\u00f1o, pantallas, la informaci\u00f3n y utilidades que contiene, c\u00f3digo fuente, textos, fotograf\u00edas, im\u00e1genes, sonido, audios, v\u00eddeos, animaciones, combinaciones de colores, productos y servicios, marcas, logotipos, lemas, etc.) son propiedad de DYA Gipuzkoa, salvo que se especifique otra cosa.<\/p>\n<p>En ning\u00fan caso el acceso o navegaci\u00f3n en el sitio web implica renuncia, transmisi\u00f3n o licencia total o parcial de DYA Gipuzkoa para uso personal o profesional a la persona usuaria sobre sus derechos de propiedad intelectual e industrial. Quedan prohibidas la reproducci\u00f3n, distribuci\u00f3n, comercializaci\u00f3n, comunicaci\u00f3n p\u00fablica, transformaci\u00f3n o cualquier otra actividad que se pueda realizar con los contenidos y utilidades de este sitio web, salvo autorizaci\u00f3n previa, expresa y por escrito por parte de DYA Gipuzkoa.<\/p>\n<p>La persona usuaria se compromete a no realizar ninguna acci\u00f3n que perjudique la titularidad del sitio web y sus contenidos. La utilizaci\u00f3n no autorizada de la informaci\u00f3n y utilidades contenidas en el sitio web, as\u00ed como los perjuicios ocasionados en los derechos de propiedad intelectual e industrial de DYA Gipuzkoa o, en su caso, otros titulares, pueden dar lugar al ejercicio de las acciones que legalmente correspondan y, si procede, a las responsabilidades que de dicho ejercicio se deriven, incluyendo las de naturaleza econ\u00f3mica.<\/p>\n<h3>5. Vigencia y modificaciones<\/h3>\n<p>DYA Gipuzkoa se reserva el derecho de modificar estas Condiciones de acuerdo con su criterio, bien con la finalidad de adecuarse a los cambios legislativos, bien con el fin de llevar a cabo otro tipo de actualizaciones o mejoras. Estas modificaciones ser\u00e1n v\u00e1lidas desde su publicaci\u00f3n en el sitio web. La relaci\u00f3n con las personas usuarias se regir\u00e1 por las normas previstas en el momento en que se accede al sitio web. Es por ello por lo que DYA Gipuzkoa le recomienda revisar estas Condiciones cada vez que se conecte al sitio web.<\/p>\n<h3>6. Jurisdicci\u00f3n<\/h3>\n<p>Las relaciones establecidas entre DYA Gipuzkoa y la persona usuaria se regir\u00e1n por lo dispuesto en la normativa vigente acerca de la legislaci\u00f3n aplicable y la jurisdicci\u00f3n competente. No obstante, para los casos en los que la normativa prevea la posibilidad a las partes de someterse a un fuero, DYA Gipuzkoa y la persona usuaria, con renuncia expresa a cualquier otro fuero que pudiera corresponderles, se someten a los Juzgados y Tribunales de Donostia \/ San Sebasti\u00e1n (Gipuzkoa).<\/p>\n<p>DYA Gipuzkoa perseguir\u00e1 el incumplimiento de estas Condiciones, as\u00ed como cualquier utilizaci\u00f3n indebida de los contenidos y utilidades presentados en su sitio web ejerciendo todas las acciones civiles y penales que le puedan corresponder en Derecho, incluyendo las de naturaleza econ\u00f3mica.[\/vc_column_text][\/vc_column][\/vc_row]<\/p>\n<\/div>","protected":false},"excerpt":{"rendered":"<p>[vc_row][vc_column][vc_column_text css=&#8221;&#8221;] Informaci\u00f3n legal En cumplimiento de la normativa vigente le informamos que el dominio de internet www.DYAgipuzkoa.com (en adelante [&hellip;]<\/p>\n","protected":false},"author":3,"featured_media":13905,"parent":12420,"menu_order":0,"comment_status":"closed","ping_status":"closed","template":"","meta":{"footnotes":""},"class_list":["post-12595","page","type-page","status-publish","has-post-thumbnail","hentry"],"publishpress_future_action":{"enabled":false,"date":"2026-04-25 08:23:12","action":"change-status","newStatus":"draft","terms":[],"taxonomy":"translation_priority","extraData":[]},"publishpress_future_workflow_manual_trigger":{"enabledWorkflows":[]},"_links":{"self":[{"href":"https:\/\/cuidador1.es\/dya\/wp-json\/wp\/v2\/pages\/12595","targetHints":{"allow":["GET"]}}],"collection":[{"href":"https:\/\/cuidador1.es\/dya\/wp-json\/wp\/v2\/pages"}],"about":[{"href":"https:\/\/cuidador1.es\/dya\/wp-json\/wp\/v2\/types\/page"}],"author":[{"embeddable":true,"href":"https:\/\/cuidador1.es\/dya\/wp-json\/wp\/v2\/users\/3"}],"replies":[{"embeddable":true,"href":"https:\/\/cuidador1.es\/dya\/wp-json\/wp\/v2\/comments?post=12595"}],"version-history":[{"count":6,"href":"https:\/\/cuidador1.es\/dya\/wp-json\/wp\/v2\/pages\/12595\/revisions"}],"predecessor-version":[{"id":15350,"href":"https:\/\/cuidador1.es\/dya\/wp-json\/wp\/v2\/pages\/12595\/revisions\/15350"}],"up":[{"embeddable":true,"href":"https:\/\/cuidador1.es\/dya\/wp-json\/wp\/v2\/pages\/12420"}],"wp:featuredmedia":[{"embeddable":true,"href":"https:\/\/cuidador1.es\/dya\/wp-json\/wp\/v2\/media\/13905"}],"wp:attachment":[{"href":"https:\/\/cuidador1.es\/dya\/wp-json\/wp\/v2\/media?parent=12595"}],"curies":[{"name":"wp","href":"https:\/\/api.w.org\/{rel}","templated":true}]}}