{"id":12840,"date":"2024-09-18T08:15:45","date_gmt":"2024-09-18T06:15:45","guid":{"rendered":"https:\/\/cuidador1.es\/dya\/?page_id=12840"},"modified":"2024-10-11T11:42:43","modified_gmt":"2024-10-11T09:42:43","slug":"nuestra-gente","status":"publish","type":"page","link":"https:\/\/cuidador1.es\/dya\/nuestra-gente\/","title":{"rendered":"Nuestra gente"},"content":{"rendered":"<div class=\"wpb-content-wrapper\"><p>[vc_row full_width=&#8221;stretch_row&#8221; gap=&#8221;5&#8243; css=&#8221;.vc_custom_1725531583058{margin-top: -50px !important;background-color: #ffffff !important;}&#8221;][vc_column width=&#8221;1\/3&#8243; css=&#8221;.vc_custom_1725530376295{padding-right: 0px !important;padding-left: 0px !important;background-color: #ffffff !important;border-color: #ffffff !important;}&#8221;]<div class=\"key-icon-box icon-default icon-top cont-left ib-hover-1\" style=\"background-color: transparent;\" ><div class=\"ib-wrapper\"><i class=\"fas fa-hands-helping\" style=\" color: #feef00;\"><\/i> <h5 class=\"service-heading\" >El \/la voluntario\/a<\/h5><p style=\"color: #606060;\">El recurso m\u00e1s valioso de DYA Gipuzkoa son sus voluntarios\/as. Personas de ambos sexos, con edades que van de los 16 a los 70 a\u00f1os, ganas de aprender, y de dedicar algo de su tiempo libre a ayudar a los\/as dem\u00e1s, que la Asociaci\u00f3n prepara para que puedan desempe\u00f1ar una labor \u00fatil.<\/p><\/div><\/div>[\/vc_column][vc_column width=&#8221;1\/3&#8243;]<div class=\"key-icon-box icon-default icon-top cont-left ib-hover-1\" style=\"background-color: transparent;;\" ><div class=\"ib-wrapper\"><i class=\"far fa-address-card\" style=\" color: #feef00;\"><\/i> <h5 class=\"service-heading\" >Funciones<\/h5><p style=\"color: #606060;\">En base a esta capacitaci\u00f3n, y a sus intereses y preferencias, realizan funciones muy diversas:<\/p>\n<ul style=\"list-style-type: circle;\">\n<li>Socorrista.<\/li>\n<li>T\u00e9cnico\/a en Emergencias Sanitarias.<\/li>\n<li>Conductor\/a.<\/li>\n<li>Enfermero\/a.<\/li>\n<li>M\u00e9dico\/a.<\/li>\n<li>Equipo de rescatadores en Monta\u00f1a o Agua.<\/li>\n<li>T\u00e9cnico\/a en Log\u00edstica de Emergencias.<\/li>\n<li>Monitor\/a o profesor\/a de Primeros Auxilios.<\/li>\n<li>T\u00e9cnico\/a en Servicios Sociales.<\/li>\n<li>Coordinador\/a de urgencias.<\/li>\n<\/ul>\n<p><\/p><\/div><\/div>[\/vc_column][vc_column width=&#8221;1\/3&#8243;]<div class=\"key-icon-box icon-default icon-top cont-left ib-hover-1\" style=\"background-color: transparent;;\" ><div class=\"ib-wrapper\"><i class=\"fas fa-calendar-check\" style=\" color: #feef00;\"><\/i> <h5 class=\"service-heading\" >Compromiso<\/h5><p style=\"color: #606060;\">Cada miembro de DYA decide su grado de compromiso y el tiempo que quiere dedicarle a la Asociaci\u00f3n. Y entre todos\/as hacen posible que, all\u00ed donde se necesite, haya una unidad dispuesta a intervenir. Tu tambi\u00e9n puedes ser uno\/a de ellos\/as. \u00bfPor qu\u00e9 no te animas a probar?<\/p><\/div><\/div>[\/vc_column][\/vc_row][vc_row full_width=&#8221;stretch_row_content&#8221; kd_image_overlay_color=&#8221;#ffffff&#8221; kd_image_overlay=&#8221;true&#8221;][vc_column][vc_empty_space][\/vc_column][\/vc_row]<\/p>\n<\/div>","protected":false},"excerpt":{"rendered":"<p>[vc_row full_width=&#8221;stretch_row&#8221; gap=&#8221;5&#8243; css=&#8221;.vc_custom_1725531583058{margin-top: -50px !important;background-color: #ffffff !important;}&#8221;][vc_column width=&#8221;1\/3&#8243; css=&#8221;.vc_custom_1725530376295{padding-right: 0px !important;padding-left: 0px !important;background-color: #ffffff !important;border-color: #ffffff !important;}&#8221;][\/vc_column][vc_column width=&#8221;1\/3&#8243;][\/vc_column][vc_column width=&#8221;1\/3&#8243;][\/vc_column][\/vc_row][vc_row [&hellip;]<\/p>\n","protected":false},"author":1,"featured_media":13114,"parent":0,"menu_order":0,"comment_status":"closed","ping_status":"closed","template":"","meta":{"footnotes":""},"class_list":["post-12840","page","type-page","status-publish","has-post-thumbnail","hentry"],"publishpress_future_action":{"enabled":false,"date":"2026-04-25 08:22:46","action":"change-status","newStatus":"draft","terms":[],"taxonomy":"translation_priority","extraData":[]},"publishpress_future_workflow_manual_trigger":{"enabledWorkflows":[]},"_links":{"self":[{"href":"https:\/\/cuidador1.es\/dya\/wp-json\/wp\/v2\/pages\/12840","targetHints":{"allow":["GET"]}}],"collection":[{"href":"https:\/\/cuidador1.es\/dya\/wp-json\/wp\/v2\/pages"}],"about":[{"href":"https:\/\/cuidador1.es\/dya\/wp-json\/wp\/v2\/types\/page"}],"author":[{"embeddable":true,"href":"https:\/\/cuidador1.es\/dya\/wp-json\/wp\/v2\/users\/1"}],"replies":[{"embeddable":true,"href":"https:\/\/cuidador1.es\/dya\/wp-json\/wp\/v2\/comments?post=12840"}],"version-history":[{"count":4,"href":"https:\/\/cuidador1.es\/dya\/wp-json\/wp\/v2\/pages\/12840\/revisions"}],"predecessor-version":[{"id":12941,"href":"https:\/\/cuidador1.es\/dya\/wp-json\/wp\/v2\/pages\/12840\/revisions\/12941"}],"wp:featuredmedia":[{"embeddable":true,"href":"https:\/\/cuidador1.es\/dya\/wp-json\/wp\/v2\/media\/13114"}],"wp:attachment":[{"href":"https:\/\/cuidador1.es\/dya\/wp-json\/wp\/v2\/media?parent=12840"}],"curies":[{"name":"wp","href":"https:\/\/api.w.org\/{rel}","templated":true}]}}