{"id":15004,"date":"2026-02-10T07:39:54","date_gmt":"2026-02-10T06:39:54","guid":{"rendered":"https:\/\/cuidador1.es\/dya\/?page_id=15004"},"modified":"2026-03-24T12:16:07","modified_gmt":"2026-03-24T11:16:07","slug":"donativo-solidario","status":"publish","type":"page","link":"https:\/\/cuidador1.es\/dya\/donativo-solidario\/","title":{"rendered":"Donativo Solidario"},"content":{"rendered":"<div class=\"wpb-content-wrapper\"><p>[vc_row full_width=&#8221;stretch_row&#8221; css=&#8221;.vc_custom_1772021512098{background-image: url(https:\/\/cuidador1.es\/dya\/wp-content\/uploads\/2026\/02\/Donativo-Solidario-Solo.jpg?id=15234) !important;background-position: center !important;background-repeat: no-repeat !important;background-size: cover !important;}&#8221; el_class=&#8221;seccion-donativo-ajuste&#8221;][vc_column width=&#8221;1\/2&#8243;][vc_custom_heading text=&#8221;Donativo Solidario&#8221; font_container=&#8221;tag:h1|text_align:left|color:%23FFFFFF&#8221; use_theme_fonts=&#8221;yes&#8221; css=&#8221;&#8221;][\/vc_column][vc_column width=&#8221;1\/2&#8243; css=&#8221;.vc_custom_1772024872114{padding-top: 40px !important;padding-right: 40px !important;padding-bottom: 40px !important;padding-left: 40px !important;background-color: #FFFFFFD6 !important;}&#8221;][vc_column_text css=&#8221;.vc_custom_1772023741279{margin-top: 0px !important;margin-bottom: 0px !important;}&#8221;]<\/p>\n<p class=\"campo-negro\"><span style=\"color: #000000\">Hay muchas maneras de colaborar con la labor humanitaria y social de DYA, y asegurar as\u00ed su futuro. Si deseas hacerlo convirti\u00e9ndote en socio\/a colaborador\/a, tu aportaci\u00f3n \u2014por peque\u00f1a que sea\u2014 se transformar\u00e1 cada a\u00f1o en miles de personas atendidas.<\/span><\/p>\n<p>[\/vc_column_text][\/vc_column][\/vc_row][vc_row content_placement=&#8221;middle&#8221; css=&#8221;.vc_custom_1772018416171{margin-bottom: 35px !important;}&#8221;][vc_column width=&#8221;1\/2&#8243;][vc_column_text css=&#8221;.vc_custom_1771263226358{margin-top: 35px !important;}&#8221;]<\/p>\n<h3>\u00bfC\u00f3mo deseas hacer tu aportaci\u00f3n?<\/h3>\n<p>[\/vc_column_text]<div class=\"lvca-accordion lvca-style1\" data-toggle=\"false\" data-expanded=\"false\"><div class=\"lvca-panel\" id=\"\"><div class=\"lvca-panel-title\">Domiciliaci\u00f3n bancaria<\/div><div class=\"lvca-panel-content\">Qu\u00e9 necesitamos de ti:<\/p>\n<p>(Y te llamaremos por tel\u00e9fono para solicitarte el resto de informaci\u00f3n)<\/p>\n<div class=\"wpcf7 no-js\" id=\"wpcf7-f15010-o1\" lang=\"en-US\" dir=\"ltr\" data-wpcf7-id=\"15010\">\n<div class=\"screen-reader-response\"><p role=\"status\" aria-live=\"polite\" aria-atomic=\"true\"><\/p> <ul><\/ul><\/div>\n<form action=\"\/dya\/wp-json\/wp\/v2\/pages\/15004#wpcf7-f15010-o1\" method=\"post\" class=\"wpcf7-form init\" aria-label=\"Contact form\" novalidate=\"novalidate\" data-status=\"init\">\n<fieldset class=\"hidden-fields-container\"><input type=\"hidden\" name=\"_wpcf7\" value=\"15010\" \/><input type=\"hidden\" name=\"_wpcf7_version\" value=\"6.1.5\" \/><input type=\"hidden\" name=\"_wpcf7_locale\" value=\"en_US\" \/><input type=\"hidden\" name=\"_wpcf7_unit_tag\" value=\"wpcf7-f15010-o1\" \/><input type=\"hidden\" name=\"_wpcf7_container_post\" value=\"0\" \/><input type=\"hidden\" name=\"_wpcf7_posted_data_hash\" value=\"\" \/>\n<\/fieldset>\n<p><span class=\"wpcf7-form-control-wrap\" data-name=\"your-nombre\"><input size=\"40\" maxlength=\"400\" class=\"wpcf7-form-control wpcf7-text wpcf7-validates-as-required\" aria-required=\"true\" aria-invalid=\"false\" placeholder=\"Nombre y Apellidos*\" value=\"\" type=\"text\" name=\"your-nombre\" \/><\/span><br \/>\n<span class=\"wpcf7-form-control-wrap\" data-name=\"tel-44\"><input size=\"40\" maxlength=\"400\" class=\"wpcf7-form-control wpcf7-tel wpcf7-validates-as-required wpcf7-text wpcf7-validates-as-tel\" aria-required=\"true\" aria-invalid=\"false\" placeholder=\"Tel\u00e9fono*\" value=\"\" type=\"tel\" name=\"tel-44\" \/><\/span><br \/>\nIntroduce el siguiente c\u00f3digo: <input type=\"hidden\" name=\"_wpcf7_captcha_challenge_captcha-778\" value=\"613734217\" \/><img loading=\"lazy\" decoding=\"async\" class=\"wpcf7-form-control wpcf7-captchac wpcf7-captcha-captcha-778\" width=\"84\" height=\"28\" alt=\"captcha\" src=\"https:\/\/cuidador1.es\/dya\/wp-content\/uploads\/wpcf7_captcha\/613734217.png\" \/><span class=\"wpcf7-form-control-wrap\" data-name=\"captcha-778\"><input size=\"10\" maxlength=\"10\" class=\"wpcf7-form-control wpcf7-captchar\" autocomplete=\"off\" aria-invalid=\"false\" value=\"\" type=\"text\" name=\"captcha-778\" \/><\/span><br \/>\n<span class=\"wpcf7-form-control-wrap\" data-name=\"acceptance-316\"><span class=\"wpcf7-form-control wpcf7-acceptance optional\"><span class=\"wpcf7-list-item\"><label><input type=\"checkbox\" name=\"acceptance-316\" value=\"1\" aria-invalid=\"false\" \/><span class=\"wpcf7-list-item-label\">He le\u00eddo y acepto la <a rel=\"nofollow ugc\" href=\"https:\/\/cuidador1.es\/dya\/politica-de-privacidad\/\">Pol\u00edtica de Privacidad<\/a> y el <a rel=\"nofollow ugc\" href=\"https:\/\/cuidador1.es\/dya\/aviso-legal\/\">Aviso Legal<\/a><\/span><\/label><\/span><\/span><\/span><br \/>\n<input class=\"wpcf7-form-control wpcf7-submit has-spinner\" type=\"submit\" value=\"Enviar\" \/>\n<\/p><div class=\"wpcf7-response-output\" aria-hidden=\"true\"><\/div>\n<\/form>\n<\/div>\n<\/div><\/div><!-- .lvca-panel --><div class=\"lvca-panel\" id=\"\"><div class=\"lvca-panel-title\">Transferencia bancaria<\/div><div class=\"lvca-panel-content\">Ideal si prefieres hacer una aportaci\u00f3n puntual sin domiciliaci\u00f3n.<\/p>\n<p><span style=\"text-decoration: underline\"><strong>Datos para realizar la transferencia:<\/strong><\/span><\/p>\n<p><strong>Titular:<\/strong> Asociaci\u00f3n de Ayuda en Carretera DYA Gipuzkoa<br \/>\n<strong>Entidad bancaria:<\/strong> KUTXABANK<br \/>\n<strong>IBAN:<\/strong> ES22 2095 5001 0610 61890835<br \/>\n<strong>Concepto:<\/strong> Donaci\u00f3n + tu nombre y apellidos<\/p>\n<p><strong>C\u00f3mo funciona:<\/strong><\/p>\n<ul style=\"list-style-type: circle\">\n<li>Realizas la transferencia desde tu banco.<\/li>\n<li>Para poder emitir tu certificado fiscal, env\u00edanos el justificante junto con tus datos personales (Nombre y Apellidos, Entidad \u2014si eres persona jur\u00eddica\u2014, DNI \/CIF y correo electr\u00f3nico) a <a href=\"mailto:kolaboratzaileak@DYAgipuzkoa.com\">kolaboratzaileak@DYAgipuzkoa.com<\/a><\/li>\n<li>Recibir\u00e1s confirmaci\u00f3n de la aportaci\u00f3n y el certificado correspondiente.<\/li>\n<\/ul>\n<p><\/div><\/div><!-- .lvca-panel --><div class=\"lvca-panel\" id=\"\"><div class=\"lvca-panel-title\">Paypal<\/div><div class=\"lvca-panel-content\">Una forma r\u00e1pida y segura de colaborar desde cualquier dispositivo.<\/p>\n<p><span style=\"text-decoration: underline\"><strong>Qu\u00e9 necesitas:<\/strong><\/span><\/p>\n<p>Una cuenta PayPal activa.<\/p>\n<p><strong><span style=\"text-decoration: underline\">C\u00f3mo funciona:<\/span><\/strong><\/p>\n<ul style=\"list-style-type: circle\">\n<li>Accedes al bot\u00f3n de donaci\u00f3n PayPal disponible en esta p\u00e1gina.<\/li>\n<li>Indicas el importe que deseas aportar.<\/li>\n<li>PayPal te enviar\u00e1 un justificante autom\u00e1tico.<\/li>\n<li>Para el certificado fiscal, necesitaremos nos env\u00edes tus datos personales (Nombre y Apellidos, Entidad \u2014si eres persona jur\u00eddica\u2014, DNI \/CIF y correo electr\u00f3nico) a <a href=\"mailto:kolaboratzaileak@DYAgipuzkoa.com\">kolaboratzaileak@DYAgipuzkoa.com<\/a><\/li>\n<\/ul>\n<p><\/div><\/div><!-- .lvca-panel --><div class=\"lvca-panel\" id=\"\"><div class=\"lvca-panel-title\">Bizum<\/div><div class=\"lvca-panel-content\">La opci\u00f3n m\u00e1s \u00e1gil si quieres colaborar en segundos.<\/p>\n<p><span style=\"text-decoration: underline\"><strong>C\u00f3mo funciona:<\/strong><\/span><\/p>\n<ul style=\"list-style-type: circle\">\n<li>Entra en tu app bancaria desde el m\u00f3vil y selecciona la opci\u00f3n\u00a0<strong>BIZUM \u2192 DONAR<\/strong>.<\/li>\n<li>A continuaci\u00f3n, selecciona o busca\u00a0<strong>DYA Gipuzkoa<\/strong>\u00a0o introduce directamente el c\u00f3digo de ONG de DYA Gipuzkoa (<strong>38071<\/strong>).<\/li>\n<li>Indica el importe y confirma la operaci\u00f3n.<\/li>\n<li>Si deseas recibir el certificado fiscal, env\u00edanos el justificante y tus datos personales (Nombre y Apellidos, Entidad\u2014si eres persona jur\u00eddica\u2014, DNI \/CIF y correo electr\u00f3nico) a\u00a0<a href=\"mailto:kolaboratzaileak@DYAgipuzkoa.com\">kolaboratzaileak@DYAgipuzkoa.com<\/a><\/li>\n<\/ul>\n<p><\/div><\/div><!-- .lvca-panel --><\/div><!-- .lvca-accordion -->[\/vc_column][vc_column width=&#8221;1\/2&#8243;][vc_column_text css=&#8221;.vc_custom_1771262655552{margin-top: 90px !important;}&#8221;]<\/p>\n<blockquote><p><span style=\"font-size: 18pt\"><strong>Beneficios fiscales<\/strong><\/span><\/p>\n<p>La Diputaci\u00f3n Foral de Gipuzkoa reconoce a DYA Gipuzkoa como actividad prioritaria de mecenazgo en el \u00e1mbito de las pol\u00edticas sociales.<br \/>\nPor ello, las personas o entidades que colaboran econ\u00f3micamente con DYA Gipuzkoa pueden beneficiarse de una desgravaci\u00f3n del 30% en su pr\u00f3xima declaraci\u00f3n de la Renta.<strong><br \/>\n<\/strong><\/p><\/blockquote>\n<p>[\/vc_column_text][vc_column_text css=&#8221;&#8221;]<\/p>\n<blockquote><p><span style=\"font-size: 18pt\"><strong>\u00bfNecesitas ayuda?<\/strong><\/span><\/p>\n<p>Para resolver cualquier consulta, puedes llamarnos al<br \/>\n<a href=\"tel:+34943464622\">943 46 46 22<\/a> o escribirnos a <a href=\"mailto:kolaboratzaileak@DYAgipuzkoa.com\">kolaboratzaileak@DYAgipuzkoa.com<\/a>.<br \/>\nEstaremos encantados de atenderte.<\/p><\/blockquote>\n<p>[\/vc_column_text][\/vc_column][\/vc_row]<\/p>\n<\/div>","protected":false},"excerpt":{"rendered":"<p>[vc_row full_width=&#8221;stretch_row&#8221; css=&#8221;.vc_custom_1772021512098{background-image: url(https:\/\/cuidador1.es\/dya\/wp-content\/uploads\/2026\/02\/Donativo-Solidario-Solo.jpg?id=15234) !important;background-position: center !important;background-repeat: no-repeat !important;background-size: cover !important;}&#8221; el_class=&#8221;seccion-donativo-ajuste&#8221;][vc_column width=&#8221;1\/2&#8243;][vc_custom_heading text=&#8221;Donativo Solidario&#8221; font_container=&#8221;tag:h1|text_align:left|color:%23FFFFFF&#8221; use_theme_fonts=&#8221;yes&#8221; css=&#8221;&#8221;][\/vc_column][vc_column width=&#8221;1\/2&#8243; css=&#8221;.vc_custom_1772024872114{padding-top: [&hellip;]<\/p>\n","protected":false},"author":3,"featured_media":0,"parent":0,"menu_order":0,"comment_status":"closed","ping_status":"closed","template":"","meta":{"footnotes":""},"class_list":["post-15004","page","type-page","status-publish","hentry"],"publishpress_future_action":{"enabled":false,"date":"2026-04-25 09:49:46","action":"change-status","newStatus":"draft","terms":[],"taxonomy":"translation_priority","extraData":[]},"publishpress_future_workflow_manual_trigger":{"enabledWorkflows":[]},"_links":{"self":[{"href":"https:\/\/cuidador1.es\/dya\/wp-json\/wp\/v2\/pages\/15004","targetHints":{"allow":["GET"]}}],"collection":[{"href":"https:\/\/cuidador1.es\/dya\/wp-json\/wp\/v2\/pages"}],"about":[{"href":"https:\/\/cuidador1.es\/dya\/wp-json\/wp\/v2\/types\/page"}],"author":[{"embeddable":true,"href":"https:\/\/cuidador1.es\/dya\/wp-json\/wp\/v2\/users\/3"}],"replies":[{"embeddable":true,"href":"https:\/\/cuidador1.es\/dya\/wp-json\/wp\/v2\/comments?post=15004"}],"version-history":[{"count":152,"href":"https:\/\/cuidador1.es\/dya\/wp-json\/wp\/v2\/pages\/15004\/revisions"}],"predecessor-version":[{"id":15783,"href":"https:\/\/cuidador1.es\/dya\/wp-json\/wp\/v2\/pages\/15004\/revisions\/15783"}],"wp:attachment":[{"href":"https:\/\/cuidador1.es\/dya\/wp-json\/wp\/v2\/media?parent=15004"}],"curies":[{"name":"wp","href":"https:\/\/api.w.org\/{rel}","templated":true}]}}